{"id":48,"date":"2024-06-23T19:53:32","date_gmt":"2024-06-23T17:53:32","guid":{"rendered":"https:\/\/hinderhoefler.ch\/wordpress\/?page_id=48"},"modified":"2025-11-02T12:02:17","modified_gmt":"2025-11-02T11:02:17","slug":"wer-sind-wir-hinderhoefler-2","status":"publish","type":"page","link":"https:\/\/hinderhoefler.ch\/wordpress\/?page_id=48","title":{"rendered":""},"content":{"rendered":"\n<h2 class=\"wp-block-heading\"><em>Aktuelle Mitglieder<\/em><\/h2>\n\n\n\n<h3 class=\"wp-block-heading\">Stefan Hofmann, Bauma, Schwyzer\u00f6rgeli<\/h3>\n\n\n\n<div class=\"wp-block-media-text is-stacked-on-mobile\"><figure class=\"wp-block-media-text__media\"><img loading=\"lazy\" decoding=\"async\" width=\"771\" height=\"1024\" src=\"https:\/\/hinderhoefler.ch\/wordpress\/wp-content\/uploads\/2024\/08\/Stefan-Hofmann.-Foto-1-1-771x1024.png\" alt=\"\" class=\"wp-image-108 size-full\" srcset=\"https:\/\/hinderhoefler.ch\/wordpress\/wp-content\/uploads\/2024\/08\/Stefan-Hofmann.-Foto-1-1-771x1024.png 771w, https:\/\/hinderhoefler.ch\/wordpress\/wp-content\/uploads\/2024\/08\/Stefan-Hofmann.-Foto-1-1-226x300.png 226w, https:\/\/hinderhoefler.ch\/wordpress\/wp-content\/uploads\/2024\/08\/Stefan-Hofmann.-Foto-1-1-768x1021.png 768w, https:\/\/hinderhoefler.ch\/wordpress\/wp-content\/uploads\/2024\/08\/Stefan-Hofmann.-Foto-1-1-1156x1536.png 1156w, https:\/\/hinderhoefler.ch\/wordpress\/wp-content\/uploads\/2024\/08\/Stefan-Hofmann.-Foto-1-1.png 1505w\" sizes=\"auto, (max-width: 771px) 100vw, 771px\" \/><\/figure><div class=\"wp-block-media-text__content\">\n<p><br>Mit 9 Jahren habe ich die klassische Handorgel f\u00fcr mich entdeckt. Erst eine Musikgruppe in Biel lenkte meine Begeisterung zu einem anderen Instrument, dem Schwyzer\u00f6rgeli. Seit damals hat mich die Leidenschaft daf\u00fcr nie mehr losgelassen.<\/p>\n\n\n\n<p>Da ich blind bin, haben mich Noten nie interessiert. Improvisieren hat mir schon immer viel mehr Spass gemacht.<\/p>\n\n\n\n<p>In diesem Sinne werde ich weiterhin Unterricht in Bauma im Kanton Z\u00fcrich anbieten (<a href=\"https:\/\/www.\u00f6rgeliunterricht.ch\" target=\"_blank\" rel=\"noreferrer noopener\">www.\u00f6rgeliunterricht.ch<\/a>).<br><\/p>\n<\/div><\/div>\n\n\n\n<p><br><\/p>\n\n\n\n<h3 class=\"wp-block-heading\">Yvonne Hirt, Wallisellen, Schwyzer\u00f6rgeli<\/h3>\n\n\n\n<div class=\"wp-block-media-text is-stacked-on-mobile\" style=\"grid-template-columns:40% auto\"><figure class=\"wp-block-media-text__media\"><img loading=\"lazy\" decoding=\"async\" width=\"701\" height=\"1024\" src=\"https:\/\/hinderhoefler.ch\/wordpress\/wp-content\/uploads\/2024\/08\/Yvonne-1-701x1024.jpg\" alt=\"\" class=\"wp-image-109 size-medium\" srcset=\"https:\/\/hinderhoefler.ch\/wordpress\/wp-content\/uploads\/2024\/08\/Yvonne-1-701x1024.jpg 701w, https:\/\/hinderhoefler.ch\/wordpress\/wp-content\/uploads\/2024\/08\/Yvonne-1-205x300.jpg 205w, https:\/\/hinderhoefler.ch\/wordpress\/wp-content\/uploads\/2024\/08\/Yvonne-1-768x1121.jpg 768w, https:\/\/hinderhoefler.ch\/wordpress\/wp-content\/uploads\/2024\/08\/Yvonne-1-1052x1536.jpg 1052w, https:\/\/hinderhoefler.ch\/wordpress\/wp-content\/uploads\/2024\/08\/Yvonne-1-1403x2048.jpg 1403w, https:\/\/hinderhoefler.ch\/wordpress\/wp-content\/uploads\/2024\/08\/Yvonne-1-scaled.jpg 1753w\" sizes=\"auto, (max-width: 701px) 100vw, 701px\" \/><\/figure><div class=\"wp-block-media-text__content\">\n<p><br>Bis im Jahr 2010 hatte ich absolut nichts mit der Volksmusik am Hut.<\/p>\n\n\n\n<p>Zum Gl\u00fcck hat mich das wundersch\u00f6ne Schwyzer\u00f6rgeli an einem Auftritt der \u00abOesch\u2019s die Dritten\u00bb so fasziniert, dass ich an der Migros-Klubschule sofort meine ersten T\u00f6ne riskiert habe.<\/p>\n\n\n\n<p>Aktuell bin ich in einigen Formationen unterwegs, allerdings ganz unterschiedlich intensiv.<br><\/p>\n<\/div><\/div>\n\n\n\n<p><br><\/p>\n\n\n\n<h3 class=\"wp-block-heading\">Iren Isliker, Neschwil, Bass<\/h3>\n\n\n\n<div class=\"wp-block-media-text is-stacked-on-mobile\"><figure class=\"wp-block-media-text__media\"><img loading=\"lazy\" decoding=\"async\" width=\"411\" height=\"582\" src=\"https:\/\/hinderhoefler.ch\/wordpress\/wp-content\/uploads\/2024\/07\/Portrait-Iren-1.jpg\" alt=\"\" class=\"wp-image-83 size-full\" srcset=\"https:\/\/hinderhoefler.ch\/wordpress\/wp-content\/uploads\/2024\/07\/Portrait-Iren-1.jpg 411w, https:\/\/hinderhoefler.ch\/wordpress\/wp-content\/uploads\/2024\/07\/Portrait-Iren-1-212x300.jpg 212w\" sizes=\"auto, (max-width: 411px) 100vw, 411px\" \/><\/figure><div class=\"wp-block-media-text__content\">\n<p><\/p>\n\n\n\n<p>Musik begleitet mich seit der Kindheit und als zwei Jodelkolleg:innen f\u00fcr ihre Volksmusikgruppe eine Bassbegleitung suchten, lernte ich kurzerhand noch Bassgeige zu spielen.<\/p>\n\n\n\n<p>Mich freut es, dass ich mich mit der Formation Hinderh\u00f6fler musikalisch weiterentwickeln kann und wir zusammen eine gute Zeit geniessen d\u00fcrfen.<\/p>\n<\/div><\/div>\n\n\n\n<p><br><\/p>\n\n\n\n<h3 class=\"wp-block-heading\">Felix K\u00fcbler, Z\u00fcrich, Bass<\/h3>\n\n\n\n<div class=\"wp-block-media-text is-stacked-on-mobile\"><figure class=\"wp-block-media-text__media\"><img loading=\"lazy\" decoding=\"async\" width=\"395\" height=\"528\" src=\"https:\/\/hinderhoefler.ch\/wordpress\/wp-content\/uploads\/2024\/07\/Bild4-1.jpgPortrait-Felix-1.jpg\" alt=\"\" class=\"wp-image-84 size-full\" srcset=\"https:\/\/hinderhoefler.ch\/wordpress\/wp-content\/uploads\/2024\/07\/Bild4-1.jpgPortrait-Felix-1.jpg 395w, https:\/\/hinderhoefler.ch\/wordpress\/wp-content\/uploads\/2024\/07\/Bild4-1.jpgPortrait-Felix-1-224x300.jpg 224w\" sizes=\"auto, (max-width: 395px) 100vw, 395px\" \/><\/figure><div class=\"wp-block-media-text__content\">\n<p><br>Bass spiele ich schon einige Zeit, zuerst Bassgitarre, dann habe ich die Bassgeige dazu gelernt und daran arbeite ich weiterhin.<\/p>\n\n\n\n<p>\u00abMomoll\u00bb, eine Volksmusikgruppe aus dem Z\u00fcrcher Unterland um Marco St\u00fchlinger und Juan Armas Pizzani, liess mich als Aushelfer an einigen Auftritten mitmachen und weckte damit meine Neugier und die Freude daran, selber Volksmusik zu spielen.<\/p>\n\n\n\n<p>Nat\u00fcrlich besch\u00e4ftige ich mich auch weiterhin mit anderen Musikstilen.<\/p>\n<\/div><\/div>\n\n\n\n<p><br><\/p>\n\n\n\n<h2 class=\"wp-block-heading\"><em>Ehemalige Mitglieder <\/em><\/h2>\n\n\n\n<h3 class=\"wp-block-heading\">Iris Schnyder, Hinwil, Schwyzer\u00f6rgeli<\/h3>\n\n\n\n<div class=\"wp-block-media-text is-stacked-on-mobile\"><figure class=\"wp-block-media-text__media\"><img loading=\"lazy\" decoding=\"async\" width=\"435\" height=\"554\" src=\"https:\/\/hinderhoefler.ch\/wordpress\/wp-content\/uploads\/2024\/07\/Portrait-Iris-1.jpg\" alt=\"\" class=\"wp-image-81 size-full\" srcset=\"https:\/\/hinderhoefler.ch\/wordpress\/wp-content\/uploads\/2024\/07\/Portrait-Iris-1.jpg 435w, https:\/\/hinderhoefler.ch\/wordpress\/wp-content\/uploads\/2024\/07\/Portrait-Iris-1-236x300.jpg 236w\" sizes=\"auto, (max-width: 435px) 100vw, 435px\" \/><\/figure><div class=\"wp-block-media-text__content\">\n<p>Iris verl\u00e4sst die Hinderh\u00f6fler im <br>Herbst 2025. Wir danken ihr herzlich f\u00fcr die spannende und reichhaltige gemeinsame Zeit und w\u00fcnschen ihr auf ihrem weiteren musikalischen Weg alles Gute.<\/p>\n<\/div><\/div>\n\n\n\n<p><\/p>\n","protected":false},"excerpt":{"rendered":"<p>Aktuelle Mitglieder Stefan Hofmann, Bauma, Schwyzer\u00f6rgeli Mit 9 Jahren habe ich die klassische Handorgel f\u00fcr mich entdeckt. Erst eine Musikgruppe in Biel lenkte meine Begeisterung zu einem anderen Instrument, dem Schwyzer\u00f6rgeli. Seit damals hat mich die Leidenschaft daf\u00fcr nie mehr losgelassen. Da ich blind bin, haben mich Noten nie interessiert. Improvisieren hat mir schon immer &hellip; <a href=\"https:\/\/hinderhoefler.ch\/wordpress\/?page_id=48\" class=\"more-link\"><span class=\"screen-reader-text\"><\/span> weiterlesen <span class=\"meta-nav\">&rarr;<\/span><\/a><\/p>\n","protected":false},"author":1,"featured_media":0,"parent":0,"menu_order":0,"comment_status":"closed","ping_status":"closed","template":"","meta":{"footnotes":""},"class_list":["post-48","page","type-page","status-publish","hentry"],"_links":{"self":[{"href":"https:\/\/hinderhoefler.ch\/wordpress\/index.php?rest_route=\/wp\/v2\/pages\/48","targetHints":{"allow":["GET"]}}],"collection":[{"href":"https:\/\/hinderhoefler.ch\/wordpress\/index.php?rest_route=\/wp\/v2\/pages"}],"about":[{"href":"https:\/\/hinderhoefler.ch\/wordpress\/index.php?rest_route=\/wp\/v2\/types\/page"}],"author":[{"embeddable":true,"href":"https:\/\/hinderhoefler.ch\/wordpress\/index.php?rest_route=\/wp\/v2\/users\/1"}],"replies":[{"embeddable":true,"href":"https:\/\/hinderhoefler.ch\/wordpress\/index.php?rest_route=%2Fwp%2Fv2%2Fcomments&post=48"}],"version-history":[{"count":26,"href":"https:\/\/hinderhoefler.ch\/wordpress\/index.php?rest_route=\/wp\/v2\/pages\/48\/revisions"}],"predecessor-version":[{"id":350,"href":"https:\/\/hinderhoefler.ch\/wordpress\/index.php?rest_route=\/wp\/v2\/pages\/48\/revisions\/350"}],"wp:attachment":[{"href":"https:\/\/hinderhoefler.ch\/wordpress\/index.php?rest_route=%2Fwp%2Fv2%2Fmedia&parent=48"}],"curies":[{"name":"wp","href":"https:\/\/api.w.org\/{rel}","templated":true}]}}

<h2 class="wp-block-heading"><em>Aktuelle Mitglieder</em></h2>



<h3 class="wp-block-heading">Stefan Hofmann, Bauma, Schwyzerörgeli</h3>



<div class="wp-block-media-text is-stacked-on-mobile"><figure class="wp-block-media-text__media"><img loading="lazy" decoding="async" width="771" height="1024" src="https://hinderhoefler.ch/wordpress/wp-content/uploads/2024/08/Stefan-Hofmann.-Foto-1-1-771x1024.png" alt="" class="wp-image-108 size-full" srcset="https://hinderhoefler.ch/wordpress/wp-content/uploads/2024/08/Stefan-Hofmann.-Foto-1-1-771x1024.png 771w, https://hinderhoefler.ch/wordpress/wp-content/uploads/2024/08/Stefan-Hofmann.-Foto-1-1-226x300.png 226w, https://hinderhoefler.ch/wordpress/wp-content/uploads/2024/08/Stefan-Hofmann.-Foto-1-1-768x1021.png 768w, https://hinderhoefler.ch/wordpress/wp-content/uploads/2024/08/Stefan-Hofmann.-Foto-1-1-1156x1536.png 1156w, https://hinderhoefler.ch/wordpress/wp-content/uploads/2024/08/Stefan-Hofmann.-Foto-1-1.png 1505w" sizes="auto, (max-width: 771px) 100vw, 771px" /></figure><div class="wp-block-media-text__content">
<p><br>Mit 9 Jahren habe ich die klassische Handorgel für mich entdeckt. Erst eine Musikgruppe in Biel lenkte meine Begeisterung zu einem anderen Instrument, dem Schwyzerörgeli. Seit damals hat mich die Leidenschaft dafür nie mehr losgelassen.</p>



<p>Da ich blind bin, haben mich Noten nie interessiert. Improvisieren hat mir schon immer viel mehr Spass gemacht.</p>



<p>In diesem Sinne werde ich weiterhin Unterricht in Bauma im Kanton Zürich anbieten (<a href="https://www.örgeliunterricht.ch" target="_blank" rel="noreferrer noopener">www.örgeliunterricht.ch</a>).<br></p>
</div></div>



<p><br></p>



<h3 class="wp-block-heading">Yvonne Hirt, Wallisellen, Schwyzerörgeli</h3>



<div class="wp-block-media-text is-stacked-on-mobile" style="grid-template-columns:40% auto"><figure class="wp-block-media-text__media"><img loading="lazy" decoding="async" width="701" height="1024" src="https://hinderhoefler.ch/wordpress/wp-content/uploads/2024/08/Yvonne-1-701x1024.jpg" alt="" class="wp-image-109 size-medium" srcset="https://hinderhoefler.ch/wordpress/wp-content/uploads/2024/08/Yvonne-1-701x1024.jpg 701w, https://hinderhoefler.ch/wordpress/wp-content/uploads/2024/08/Yvonne-1-205x300.jpg 205w, https://hinderhoefler.ch/wordpress/wp-content/uploads/2024/08/Yvonne-1-768x1121.jpg 768w, https://hinderhoefler.ch/wordpress/wp-content/uploads/2024/08/Yvonne-1-1052x1536.jpg 1052w, https://hinderhoefler.ch/wordpress/wp-content/uploads/2024/08/Yvonne-1-1403x2048.jpg 1403w, https://hinderhoefler.ch/wordpress/wp-content/uploads/2024/08/Yvonne-1-scaled.jpg 1753w" sizes="auto, (max-width: 701px) 100vw, 701px" /></figure><div class="wp-block-media-text__content">
<p><br>Bis im Jahr 2010 hatte ich absolut nichts mit der Volksmusik am Hut.</p>



<p>Zum Glück hat mich das wunderschöne Schwyzerörgeli an einem Auftritt der «Oesch’s die Dritten» so fasziniert, dass ich an der Migros-Klubschule sofort meine ersten Töne riskiert habe.</p>



<p>Aktuell bin ich in einigen Formationen unterwegs, allerdings ganz unterschiedlich intensiv.<br></p>
</div></div>



<p><br></p>



<h3 class="wp-block-heading">Iren Isliker, Neschwil, Bass</h3>



<div class="wp-block-media-text is-stacked-on-mobile"><figure class="wp-block-media-text__media"><img loading="lazy" decoding="async" width="411" height="582" src="https://hinderhoefler.ch/wordpress/wp-content/uploads/2024/07/Portrait-Iren-1.jpg" alt="" class="wp-image-83 size-full" srcset="https://hinderhoefler.ch/wordpress/wp-content/uploads/2024/07/Portrait-Iren-1.jpg 411w, https://hinderhoefler.ch/wordpress/wp-content/uploads/2024/07/Portrait-Iren-1-212x300.jpg 212w" sizes="auto, (max-width: 411px) 100vw, 411px" /></figure><div class="wp-block-media-text__content">
<p></p>



<p>Musik begleitet mich seit der Kindheit und als zwei Jodelkolleg:innen für ihre Volksmusikgruppe eine Bassbegleitung suchten, lernte ich kurzerhand noch Bassgeige zu spielen.</p>



<p>Mich freut es, dass ich mich mit der Formation Hinderhöfler musikalisch weiterentwickeln kann und wir zusammen eine gute Zeit geniessen dürfen.</p>
</div></div>



<p><br></p>



<h3 class="wp-block-heading">Felix Kübler, Zürich, Bass</h3>



<div class="wp-block-media-text is-stacked-on-mobile"><figure class="wp-block-media-text__media"><img loading="lazy" decoding="async" width="395" height="528" src="https://hinderhoefler.ch/wordpress/wp-content/uploads/2024/07/Bild4-1.jpgPortrait-Felix-1.jpg" alt="" class="wp-image-84 size-full" srcset="https://hinderhoefler.ch/wordpress/wp-content/uploads/2024/07/Bild4-1.jpgPortrait-Felix-1.jpg 395w, https://hinderhoefler.ch/wordpress/wp-content/uploads/2024/07/Bild4-1.jpgPortrait-Felix-1-224x300.jpg 224w" sizes="auto, (max-width: 395px) 100vw, 395px" /></figure><div class="wp-block-media-text__content">
<p><br>Bass spiele ich schon einige Zeit, zuerst Bassgitarre, dann habe ich die Bassgeige dazu gelernt und daran arbeite ich weiterhin.</p>



<p>«Momoll», eine Volksmusikgruppe aus dem Zürcher Unterland um Marco Stühlinger und Juan Armas Pizzani, liess mich als Aushelfer an einigen Auftritten mitmachen und weckte damit meine Neugier und die Freude daran, selber Volksmusik zu spielen.</p>



<p>Natürlich beschäftige ich mich auch weiterhin mit anderen Musikstilen.</p>
</div></div>



<p><br></p>



<h2 class="wp-block-heading"><em>Ehemalige Mitglieder </em></h2>



<h3 class="wp-block-heading">Iris Schnyder, Hinwil, Schwyzerörgeli</h3>



<div class="wp-block-media-text is-stacked-on-mobile"><figure class="wp-block-media-text__media"><img loading="lazy" decoding="async" width="435" height="554" src="https://hinderhoefler.ch/wordpress/wp-content/uploads/2024/07/Portrait-Iris-1.jpg" alt="" class="wp-image-81 size-full" srcset="https://hinderhoefler.ch/wordpress/wp-content/uploads/2024/07/Portrait-Iris-1.jpg 435w, https://hinderhoefler.ch/wordpress/wp-content/uploads/2024/07/Portrait-Iris-1-236x300.jpg 236w" sizes="auto, (max-width: 435px) 100vw, 435px" /></figure><div class="wp-block-media-text__content">
<p>Iris verlässt die Hinderhöfler im <br>Herbst 2025. Wir danken ihr herzlich für die spannende und reichhaltige gemeinsame Zeit und wünschen ihr auf ihrem weiteren musikalischen Weg alles Gute.</p>
</div></div>



<p></p>

<p>Aktuelle Mitglieder Stefan Hofmann, Bauma, Schwyzerörgeli Mit 9 Jahren habe ich die klassische Handorgel für mich entdeckt. Erst eine Musikgruppe in Biel lenkte meine Begeisterung zu einem anderen Instrument, dem Schwyzerörgeli. Seit damals hat mich die Leidenschaft dafür nie mehr losgelassen. Da ich blind bin, haben mich Noten nie interessiert. Improvisieren hat mir schon immer &hellip; <a href="https://hinderhoefler.ch/wordpress/?page_id=48" class="more-link"><span class="screen-reader-text"></span> weiterlesen <span class="meta-nav">&rarr;</span></a></p>
