{"id":71,"date":"2024-07-01T15:42:08","date_gmt":"2024-07-01T13:42:08","guid":{"rendered":"https:\/\/hinderhoefler.ch\/wordpress\/?page_id=71"},"modified":"2024-09-29T20:07:07","modified_gmt":"2024-09-29T18:07:07","slug":"was-spielen-wir","status":"publish","type":"page","link":"https:\/\/hinderhoefler.ch\/wordpress\/?page_id=71","title":{"rendered":""},"content":{"rendered":"\n<h2 class=\"wp-block-heading\">H\u00f6rproben<\/h2>\n\n\n\n<p>Ganz verschiedene Stilrichtungen sind unser Merkmal &#8211; von Stefans Eigenkompositionen \u00fcber alte T\u00e4nzlis, bis hin zur Volksmusik im urspr\u00fcnglichen Sinn. <br><br>Viel Spass beim Reinh\u00f6ren!<br><\/p>\n\n\n\n<h3 class=\"wp-block-heading\">Es foxt en Kobold. <em>Fox<\/em>  <em>von Stefan Hofmann<\/em><\/h3>\n\n\n\n<figure class=\"wp-block-audio\"><audio controls src=\"https:\/\/hinderhoefler.ch\/wordpress\/wp-content\/uploads\/2024\/09\/kobold.-Trachtenfest-2024.mp3\"><\/audio><\/figure>\n\n\n\n<h3 class=\"wp-block-heading\">Dur s Tubeloch. <em>Schottisch<\/em><\/h3>\n\n\n\n<figure class=\"wp-block-audio\"><audio controls src=\"https:\/\/hinderhoefler.ch\/wordpress\/wp-content\/uploads\/2024\/09\/Durs-dubeloch.mp3\"><\/audio><\/figure>\n\n\n\n<h3 class=\"wp-block-heading\">Zehn Jahre Wagenm\u00f6sler. <em>Marsch<\/em><\/h3>\n\n\n\n<figure class=\"wp-block-audio\"><audio controls src=\"https:\/\/hinderhoefler.ch\/wordpress\/wp-content\/uploads\/2024\/09\/Zehn-Jahre-Wagenmoessler.mp3\"><\/audio><\/figure>\n\n\n\n<h3 class=\"wp-block-heading\">Urnerbode Kafi. <em>Schottisch<\/em><\/h3>\n\n\n\n<figure class=\"wp-block-audio\"><audio controls src=\"https:\/\/hinderhoefler.ch\/wordpress\/wp-content\/uploads\/2024\/09\/Urnerbode-Kafi.mp3\"><\/audio><\/figure>\n\n\n\n<h3 class=\"wp-block-heading\">Lena. <em>Walzer<\/em>  <em>von Stefan Hofmann<\/em><\/h3>\n\n\n\n<figure class=\"wp-block-audio\"><audio controls src=\"https:\/\/hinderhoefler.ch\/wordpress\/wp-content\/uploads\/2024\/09\/Lena.mp3\"><\/audio><\/figure>\n\n\n\n<h3 class=\"wp-block-heading\">Polka f\u00fcr d Annemarie. <em>von Stefan Hofmann<\/em><\/h3>\n\n\n\n<figure class=\"wp-block-audio\"><audio controls src=\"https:\/\/hinderhoefler.ch\/wordpress\/wp-content\/uploads\/2024\/09\/annemari.-Trachtenfest-2024-1.mp3\"><\/audio><\/figure>\n\n\n\n<h3 class=\"wp-block-heading\">s&#8216; Heug\u00e4deli. <em>Schottisch<\/em><\/h3>\n\n\n\n<figure class=\"wp-block-audio\"><audio controls src=\"https:\/\/hinderhoefler.ch\/wordpress\/wp-content\/uploads\/2024\/09\/hoigaedeli.-Trachtenfest-2014-1.mp3\"><\/audio><\/figure>\n\n\n\n<p><\/p>\n\n\n\n<p><\/p>\n\n\n\n<p><\/p>\n","protected":false},"excerpt":{"rendered":"<p>H\u00f6rproben Ganz verschiedene Stilrichtungen sind unser Merkmal &#8211; von Stefans Eigenkompositionen \u00fcber alte T\u00e4nzlis, bis hin zur Volksmusik im urspr\u00fcnglichen Sinn. Viel Spass beim Reinh\u00f6ren! Es foxt en Kobold. Fox von Stefan Hofmann Dur s Tubeloch. Schottisch Zehn Jahre Wagenm\u00f6sler. Marsch Urnerbode Kafi. Schottisch Lena. Walzer von Stefan Hofmann Polka f\u00fcr d Annemarie. von Stefan &hellip; <a href=\"https:\/\/hinderhoefler.ch\/wordpress\/?page_id=71\" class=\"more-link\"><span class=\"screen-reader-text\"><\/span> weiterlesen <span class=\"meta-nav\">&rarr;<\/span><\/a><\/p>\n","protected":false},"author":1,"featured_media":0,"parent":0,"menu_order":0,"comment_status":"closed","ping_status":"closed","template":"","meta":{"footnotes":""},"class_list":["post-71","page","type-page","status-publish","hentry"],"_links":{"self":[{"href":"https:\/\/hinderhoefler.ch\/wordpress\/index.php?rest_route=\/wp\/v2\/pages\/71","targetHints":{"allow":["GET"]}}],"collection":[{"href":"https:\/\/hinderhoefler.ch\/wordpress\/index.php?rest_route=\/wp\/v2\/pages"}],"about":[{"href":"https:\/\/hinderhoefler.ch\/wordpress\/index.php?rest_route=\/wp\/v2\/types\/page"}],"author":[{"embeddable":true,"href":"https:\/\/hinderhoefler.ch\/wordpress\/index.php?rest_route=\/wp\/v2\/users\/1"}],"replies":[{"embeddable":true,"href":"https:\/\/hinderhoefler.ch\/wordpress\/index.php?rest_route=%2Fwp%2Fv2%2Fcomments&post=71"}],"version-history":[{"count":13,"href":"https:\/\/hinderhoefler.ch\/wordpress\/index.php?rest_route=\/wp\/v2\/pages\/71\/revisions"}],"predecessor-version":[{"id":231,"href":"https:\/\/hinderhoefler.ch\/wordpress\/index.php?rest_route=\/wp\/v2\/pages\/71\/revisions\/231"}],"wp:attachment":[{"href":"https:\/\/hinderhoefler.ch\/wordpress\/index.php?rest_route=%2Fwp%2Fv2%2Fmedia&parent=71"}],"curies":[{"name":"wp","href":"https:\/\/api.w.org\/{rel}","templated":true}]}}